(3) is divided by 45?
27
Let d = 29 + -2. Let z = d + 0. Calculate the remainder when z is divided by 5.
2
Calculate the remainder when 470 - (6 + -10 + 9) is divided by 13.
10
Suppose -8*d = -3*d - 300. Let s = -50 + d. Let x = 108 - 69. Calculate the remainder when x is divided by s.
9
Let b be (-171)/(-76) + 6/8. Let g = 20 + b. Calculate the remainder when 43 is divided by g.
20
Let c = 13 - 10. Suppose -w = -c*w + 3*n + 47, 4*n - 83 = -5*w. Calculate the remainder when 53 is divided by w.
15
Let y = 443 - 416. What is the remainder when 82 is divided by y?
1
Let t(u) = 14*u - 15. Let s be -1*(-5)/(5/6) - -1. What is the remainder when t(s) is divided by 22?
17
Calculate the remainder when 222 is divided by 255/45 + (-1)/(-3).
0
Let o = -58 - -62. Suppose o*a - p - 36 = 20, 35 = a + 5*p. Calculate the remainder when 70 is divided by a.
10
Suppose q - 13 = -2. Suppose 70 = -7*u - 7*u. Let r = u + q. What is the remainder when r is divided by 4?
2
Let a = 6 - -3. Suppose -p - 5*v - 5 = 4*p, 33 = 2*p - 5*v. Suppose 2*g - m - 7 = p, -3*m - 30 = -5*g. What is the remainder when a is divided by g?
0
Calculate the remainder when 469/(((-63)/14 + 4)*-2) is divided by 17.
10
Let k = -42443 + 42570. Let p = 27 + 4. Let z = 63 - p. What is the remainder when k is divided by z?
31
What is the remainder when 358 is divided by (5 + 9/(-2))*90?
43
Let w = -1044 - -1053. What is the remainder when 20 is divided by w?
2
Let u(j) = 2*j + 49. Calculate the remainder when 32 is divided by u(-13).
9
Suppose -137*n + 130*n + 112 = 0. What is the remainder when 60 is divided by n?
12
Let c be (-624)/65*(-20)/6. Suppose -7*j + c = j. What is the remainder when 23 is divided by j?
3
Let g(h) = -h**3 + 5*h**2 + 7*h - 4. Let i be g(6). Suppose -4*w = 0, 3*v - i = w - 8. Calculate the remainder when (11 + -8)/(v/(-6)) is divided by 6.
3
Let w be (-84)/2*(-2)/(-4). Calculate the remainder when (-3438)/w - (-2)/7 is divided by 42.
38
Suppose -5*l = -4*z + 2, -8*l - 12 = -2*z - 11*l. What is the remainder when 693 is divided by z?
0
Suppose 9*t - 280 = 5*t. What is the remainder when t is divided by (72/14)/((-9)/(-42))?
22
Let k = 142 - 100. What is the remainder when 4/34 + (-2818)/(-34) is divided by k?
41
Let w(j) = j**3 - j**2 - j - 1. What is the remainder when 83 is divided by w(4)?
40
Suppose -s + 8 + 6 = 0. Calculate the remainder when (-14 - s)*(-1)/4 is divided by ((-1)/(-2))/((-1)/(-6)).
1
Suppose -5*u = -4*u + 3. Let r be -1*(4 + u + 5). What is the remainder when 41 is divided by 140/(-15)*r/4?
13
Suppose p = -3*p + 44. Let h = 62 + -19. Let z = -2 + h. Calculate the remainder when z is divided by p.
8
Let w(d) = d**3 - 3*d**2 + 5*d - 2. Let v be -1 - (-3 + 0) - -2. Suppose 12 = -3*n, -3*i = -0*n + 2*n - v. Calculate the remainder when w(i) is divided by 18.
16
Suppose -158*v = -136*v - 748. What is the remainder when v is divided by 26?
8
Suppose -3*q = -9, -2*l + 4*l - 78 = -4*q. Calculate the remainder when l is divided by 3.
0
Suppose -126*a - 182 = -140*a. Calculate the remainder when 48 is divided by a.
9
Let a = -8 - -11. Suppose -22*o = -23*o + 5*b + 38, 0 = 5*o + 3*b - 134. Calculate the remainder when o is divided by a.
1
Let l(v) = 3*v**2 + 2*v - 5. Let y = -6 + 2. Calculate the remainder when 139 is divided by l(y).
34
Suppose 0 = -33*l + 2*l + 124. Let s(x) = -x**2 - 8*x + 3. Calculate the remainder when s(-6) is divided by l.
3
What is the remainder when (-211 - -5)*(13/(-2) - -4) is divided by 12?
11
Let q(j) = 12*j + 21. Calculate the remainder when 410/2*(-6)/(-10) is divided by q(0).
18
Let d(x) = 4*x**3 - 20*x**2 - 31*x + 7. What is the remainder when d(7) is divided by 31?
27
Suppose 0*g = 10*g - 240. Calculate the remainder when 141 is divided by g.
21
Suppose 0 = -3*s + 14*s - 572. Suppose t = -0*m + m - 13, 3*m - t - 49 = 0. What is the remainder when s is divided by m?
16
Suppose -2*v - 2 = 0, 929 = a + 2*v - 172. What is the remainder when a is divided by 85?
83
Suppose -17*a = -7*a - 680. What is the remainder when a is divided by 19?
11
Suppose 12 = -y + c + 254, -y + 243 = -2*c. What is the remainder when y is divided by 81?
79
Let l(m) = -m. Let j = -25 + 15. Let k be l(j). Suppose 0 = -4*q + k + 6. What is the remainder when 27 is divided by q?
3
Let i(n) = 2*n**2 + 3*n - 18. Let o be i(5). Let q = 294 + -203. Let a = q - o. Calculate the remainder when a is divided by 12.
8
Let a(w) = -w**3 - 7*w**2 - 8*w + 20. What is the remainder when 51 is divided by a(-5)?
1
Let n(r) = 2*r**2 + 5. Suppose -6*k + 4 = -4*k. Calculate the remainder when 181 is divided by n(k).
12
Let i = -385 - -418. What is the remainder when i is divided by 7?
5
Calculate the remainder when 98 is divided by -4 + 4 + 5 + 15.
18
Suppose -25*h + 55 = -20*h. Calculate the remainder when 63 is divided by h.
8
Calculate the remainder when 161 is divided by (-612)/51*26/(-8).
5
Let p(t) = -t**3 - 21*t**2 + 17*t - 9. Let s be p(-22). Let b = s + -64. What is the remainder when b is divided by 20?
17
Suppose -2*w = 3 - 5. What is the remainder when (-3 - -12)*(-100)/(-225) is divided by w?
0
Suppose 4*f - 212 = -3*j, 265 = 5*f + j + 2*j. Let p = f + -29. What is the remainder when 71 is divided by p?
23
Let y(t) = 2*t**2 - t - 1. Let v be y(2). Suppose 4*g - 125 = v*l + 87, -5*g - 4*l = -265. Suppose -b + 41 = 14. What is the remainder when g is divided by b?
26
Suppose b - 41 = 4*d, 3*b + 4*d - 65 = 26. Calculate the remainder when 74 is divided by b.
8
Suppose 0*l + 1705 = 9*l - 5*b, 0 = 4*l + 5*b - 765. Calculate the remainder when l is divided by 64.
62
Suppose 2*n - 122 = -2*l, 3*l = 5*l - 3*n - 132. Suppose l = -2*o - o. Let t = 37 + o. What is the remainder when t is divided by 9?
7
Suppose -d + 6 = 2*d. Calculate the remainder when 239 is divided by d/(-13) + 6886/143.
47
Suppose v - 4*o - 2 = 4*v, 8 = 3*v - o. Suppose 0*j + 10 = -v*j. Calculate the remainder when 5/25 + (-39)/j is divided by 3.
2
Let b be 510/(-20)*(0 + 2/(-3)). Let a(z) = -z**2 + 20*z - 42. Suppose 0 = -3*w + 9 + 39. Calculate the remainder when w is divided by a(b).
7
Suppose 0 = f - 3*f + 38. Let o(a) = 4*a + 68. Calculate the remainder when f is divided by o(-15).
3
Let h(m) = -5*m + 8. Let k be h(9). What is the remainder when -2 + 3 + 3 - k is divided by 15?
11
Suppose 5*o - 2*u - 1136 = 0, 107*o + 5*u - 466 = 105*o. What is the remainder when o is divided by 7?
4
Suppose 5*f - 10 = 0, 0 = -d + f - 2 - 0. Suppose 3*y + 14 - 227 = d. Calculate the remainder when y is divided by 18.
17
Suppose -2788 = 24*h - 92*h. Calculate the remainder when h is divided by (-1)/(-4) - (-46)/8.
5
What is the remainder when 17 is divided by (0 - -1)/(8/24)?
2
Let y(l) = -2*l**2 + 6*l + 112. Calculate the remainder when y(0) is divided by 23.
20
Let f(p) be the second derivative of -1/2*p**3 + 1/2*p**4 + 0 + 2*p**2 + 5*p. What is the remainder when f(-3) is divided by 18?
13
Let x = -14 - -21. Suppose -8*a = -x*a - 5. Calculate the remainder when (-12)/3*((-21)/4 - -1) is divided by a.
2
Suppose 3*f - 540 = -6*f. Suppose -260 = -8*n - f. What is the remainder when 98 is divided by n?
23
Suppose 0 = -4*x - 44 + 140. Suppose -x = -w - 2*w. Suppose 0 = -4*y - 4*a + 56, a = -w*y + 4*y + 65. What is the remainder when 67 is divided by y?
16
Let z(v) = 5*v - 1. Suppose f - 5*n - 22 = -3*n, 3*f - 4*n - 68 = 0. Calculate the remainder when z(9) is divided by f.
20
Let v(d) = 12*d**2 + 3*d. What is the remainder when v(-2) is divided by (-1)/(5/55)*-1?
9
Suppose 3*m = -3*s - 6, 3*s = -5*m - 3 - 13. Suppose -3*a + 4*x + 45 = 0, 0*x = -s*a - 3*x + 66. Calculate the remainder when 92 is divided by a.
16
What is the remainder when -2 - (-2 - (-10 - -5 - -133)) is divided by 68?
60
Let i = -348 - -1525. Calculate the remainder when i is divided by 31.
30
Let m = 1 + -1. Let l(d) = d**3 + d + 1. Let o = 2127 - 2126. Calculate the remainder when o is divided by l(m).
0
Suppose -710 = 4*y + 2022. Let f = -468 - y. Calculate the remainder when f is divided by 31.
29
Suppose -c - 4*c = -3*n + 54, 3*n - 54 = -2*c. Suppose 0 = 499*h - 487*h - 420. Calculate the remainder when h is divided by n.
17
Let b(a) = -15*a**2 - 4*a - 7. Let l be b(-3). Let k = l - -159. What is the remainder when k is divided by 6?
5
What is t